reatest common factor of 3 and p.
3
Let d(c) = -c**2 - 19*c - 3. Let q be d(-15). Let b be 1 + q/6*(1 - -1). Calculate the highest common divisor of 90 and b.
10
Let v = -98 + 104. Calculate the greatest common factor of 57 and v.
3
Let z(b) = b**3 + 14*b**2 - b - 12. Suppose -76 = 5*k - 6. Let x be z(k). What is the greatest common divisor of x and 5?
1
Suppose -2*y + o - 7 = -31, 9 = y - 2*o. Let m = -7 - -9. Suppose -b = -5*w + 194, 0 = 2*w + 2*b + m - 82. What is the highest common divisor of y and w?
13
Let s be (72/9 - -145) + -8. Calculate the greatest common divisor of 40 and s.
5
Suppose -7*h + 15 - 1 = 0. Suppose -5 - 21 = -h*j. What is the highest common factor of 13 and j?
13
Let a = -19 + 134. What is the greatest common divisor of a and 20?
5
Suppose v = -p + 120, 4*v = p + 97 + 383. Suppose -z + 33 = -v. Suppose -3*l = -5*a - 71, 6*a = 9*a + 12. What is the highest common factor of l and z?
17
Let m(c) = 14*c**2 + 8*c + 34. Let q be m(-3). What is the greatest common factor of 119 and q?
17
Suppose 7*n - 8 = 6*n. Let f be (-2 + 0 - -3)/1. Let g be 1*(16 + -1 + f). Calculate the highest common divisor of n and g.
8
Suppose -373 = -4*q + 2*t - 53, -t + 326 = 4*q. Calculate the greatest common factor of 54 and q.
27
Let x(h) = 3*h**2 + 8*h - 5. Let z be x(-6). Suppose -i + 5*k - 15 = 0, 65*i + 5*k = 68*i + 5. What is the highest common divisor of i and z?
5
Suppose -131*y + 132*y = 959. Calculate the highest common factor of y and 7.
7
Let m(y) = y**3 + 3*y**2 + y + 6. Let f be m(-3). Let o be f/9*-11*-6. Calculate the greatest common divisor of o and 2.
2
Suppose j + 3*r = 2*r - 23, 5*r + 67 = -3*j. Let l = 21 + j. Let v be (-4 - l)/((-1)/3). Calculate the highest common divisor of v and 15.
3
Let u(f) = 34*f**2 - 3*f. Suppose 3*z + 2 = z, -2*z = 5*x + 12. Let n be u(x). Let b be n/6 + (-4)/(-12). What is the greatest common factor of 3 and b?
3
Suppose 79*w + 17024 = 107*w. What is the highest common factor of 19 and w?
19
Let a(c) = -c**2 + 8*c - 9. Let p be a(6). Suppose -49 = -p*l - 28. What is the greatest common divisor of l and 35?
7
Suppose -5*g = -i - 191, 12*i = 17*i - 20. What is the greatest common factor of 169 and g?
13
Let c = -19 - -35. Let u = -8 - 5. Let d(s) = -s**2 - 20*s - 11. Let m be d(u). Calculate the highest common factor of m and c.
16
Let k be (-2)/(-4) + (-125)/(-50). Suppose -3 = c + k. Let q = 50 + c. Calculate the highest common divisor of q and 11.
11
Suppose 2*x - 2 = 0, 2*g - 10 = 2*x + 62. Let v = g - 15. Calculate the greatest common factor of v and 154.
22
Suppose 0 = -2834*y + 2820*y + 252. What is the highest common divisor of 8 and y?
2
Suppose -105 - 12 = -9*q. Let y(u) = -u**2 + 0*u**2 - 5 - 1 - 14*u. Let d be y(-9). Calculate the greatest common factor of d and q.
13
Let j = 10 - 2. Suppose 10*r - 2*r = -j. Let n be (-25)/r*57/95. Calculate the greatest common factor of 165 and n.
15
Suppose 2*r + 3*j - 72 = 0, -4*r + 5*r - 5*j = 49. What is the highest common factor of 143 and r?
13
Let d be 6 + 14/(-2) + 3 + 350/5. Suppose l - 6*b + 2*b - 24 = 0, -4*b = 16. What is the highest common divisor of d and l?
8
Let o be -1 + (-132)/9*9/(-6). Let y be (-1)/((-1)/(-1)) - -5. Suppose -3*s = -y*h - 33, 4*h - 3 = 5*h. What is the greatest common factor of o and s?
7
Let o = -12 + 14. Let l be (-312)/(-30) - o/5. Let m = 39 + -14. What is the greatest common divisor of l and m?
5
Let z = -23 + -57. Let s = z + 248. Calculate the greatest common divisor of 28 and s.
28
Let p be (-5 - 0)*42/(-15). Suppose -p*l + 12*l + 16 = 0. Calculate the highest common factor of 8 and l.
8
Suppose -2*k = 11 - 15, 4*y = k + 1222. Calculate the greatest common divisor of 72 and y.
18
Let u = -21 + 3. Let t be ((-84)/u)/((-2)/(-15)). Suppose -10*j + t = -9*j. Calculate the highest common factor of 5 and j.
5
Let u(t) = 3*t**3 + 43*t**2 - 33*t + 22. Let w be u(-12). Calculate the highest common factor of w and 62.
62
Suppose -142 = -10*d + 5808. What is the highest common factor of 85 and d?
85
Suppose k - 10 = -x, 0 = -2*k - 5*x + 9 + 14. Suppose -k + 0 = -3*g. Suppose -4*v = -c - 4, -2*c = g*c. Calculate the highest common factor of v and 1.
1
Let k be (2/1 - 0) + 19. Suppose 4*s - 79 = k. Suppose -74*p + 183 + 154 = -403. What is the greatest common divisor of p and s?
5
Suppose 3*a = -x + 8*a + 20, -5*a + 5 = 0. Let s = 123 + -200. Let l = -52 - s. Calculate the greatest common divisor of l and x.
25
Suppose -z + 4*n = -5, 5*z - n = 3*n - 23. Let d = z + 5. Let i be -16*d*(-4)/(-16). Calculate the greatest common factor of i and 56.
8
Suppose 4*s = -5*b + 83, -6*b = -b - 5*s - 65. Calculate the greatest common factor of 155 and b.
5
Let v = -106 - -121. Suppose 9*s - 14*s = -825. What is the highest common divisor of s and v?
15
Suppose -3*x + 4*x + 5*r = 107, 0 = 2*r - 2. What is the highest common divisor of x and 204?
102
Let l(b) = 31*b + 6. Let n be l(3). What is the highest common divisor of n and 27?
9
Let n = 13 + -10. Suppose -6*h + n*h = -114. Let d = h - -17. What is the greatest common divisor of 22 and d?
11
Let l = 41 + -41. Suppose 5*w + 4*p - 32 - 13 = l, 2*p = 0. Calculate the greatest common factor of w and 72.
9
Suppose 0 = -6*d + 793 + 587. What is the highest common factor of d and 92?
46
Let p be -2 + (0 - -37) + -4. Suppose 0 = y - 11 - p. Calculate the highest common factor of 63 and y.
21
Let z = 1963 - 1859. Calculate the highest common factor of z and 234.
26
Suppose -88 = -10*f - 8. Calculate the highest common divisor of 10 and f.
2
Let y be ((-3)/1)/((-6)/24). Suppose 13*t = y*t + 10. Calculate the highest common divisor of t and 10.
10
Suppose 0 = -g + 3*o - 2*o - 16, -4*o = -g - 28. Let c be (24/(-4))/2 - -5. Let v be (-5 + (3 - c))*g. Calculate the highest common divisor of 6 and v.
6
Let a(t) = 27*t + 54. Let l = 7 + -20. Let o(h) = 13*h + 27. Let c(u) = l*o(u) + 6*a(u). Let n be c(-11). What is the greatest common divisor of n and 5?
5
Suppose -l = 3*l - j - 37, 2*l - 41 = 5*j. Calculate the greatest common divisor of l and 200.
8
Let z be (2 - (-44)/6)*3. Let x(o) = -3*o - 7. Let k be x(-3). Let c = k - -12. What is the greatest common divisor of z and c?
14
Let y(r) = -6*r - 23. Let b be y(-5). Suppose 0 = b*l - 0*l - 357. What is the greatest common factor of l and 17?
17
Let v = -1314 - -2250. Calculate the greatest common divisor of v and 52.
52
Let s be 15/20 + 12705/4 + 2. Suppose -j + 18*j = s. What is the highest common factor of j and 17?
17
Let b = -33 - -34. Suppose -5*z - 5*v + 55 = -0*z, -z + b = 3*v. What is the greatest common factor of 48 and z?
16
Suppose 0 = -24*o + 313 - 73. Let z = 185 + -75. Calculate the highest common factor of o and z.
10
Let y be 2/5 - (-222)/(-45)*-6. Calculate the greatest common divisor of 10 and y.
10
Suppose 2*o = -2*u + o + 7, 0 = 5*o + 25. Calculate the greatest common divisor of 2 and u.
2
Suppose -16 = -4*a + 80. Calculate the highest common factor of 48 and a.
24
Suppose -2*i - 45 + 253 = 0. Suppose -160 = -3*m + i. Calculate the highest common divisor of m and 11.
11
Suppose -28*c = -20*c + 32. Let w(l) be the first derivative of -3*l**2/2 - l - 1. Let g be w(c). Calculate the greatest common factor of g and 11.
11
Let k be ((-2)/(-4))/(6/(-348)). Let p = 49 + k. What is the highest common divisor of p and 80?
20
Let r(v) = -v**2 - 3*v + 2. Let q be r(-3). Let g(w) = -5*w**2 - 3*w + 5 - q*w - w**3 - 5. Let h be g(-4). What is the greatest common factor of h and 44?
4
Let l = 3 + -1. Let y(f) = 22*f**3 - 2*f**2 + 3*f - 3. Let k be y(l). Suppose -9*d + 92 + 79 = 0. Calculate the greatest common divisor of d and k.
19
Let k be 34*((-13)/(-2) + -3). Let s = 1005 - 998. What is the greatest common factor of k and s?
7
Let s(a) = 49*a**2 + a + 1. Let x be s(-1). Suppose -3*m = -5*m - 6, -y = -3*m - 16. Calculate the greatest common factor of y and x.
7
Let f = -5 - -9. Let q be 24/(-16)*f/(-6). Let u be (q - (2 - 2)) + 1. Calculate the highest common divisor of u and 10.
2
Let d(h) = h + 11. Let y be d(-7). Suppose 16 = -y*t, 0 = -r - r + 5*t + 188. What is the greatest common factor of r and 14?
14
Suppose -3504 = 23*t - 10956. Calculate the highest common divisor of t and 12.
12
Suppose -4*i = i - 420. What is the highest co